 - 18 = g. Let h = g + 12. Let y = h - -28. List the prime factors of y.
2
Let g(h) = -2*h**2 + h + 1. Let l be g(-1). List the prime factors of (-530)/(-20) + 1/l.
2, 13
Let f(u) be the second derivative of 1/20*u**5 + 5/6*u**4 + 0 + 0*u**3 - 3*u + 5/2*u**2. What are the prime factors of f(-10)?
5
Let v = 113 + -77. What are the prime factors of v?
2, 3
Let o(d) = d**2 + 6*d - 6. Let p be o(-7). Let m be 3/3*7*p. Suppose 0 = 5*a - m - 43. What are the prime factors of a?
2, 5
Let j = 32 + -8. List the prime factors of j.
2, 3
Suppose 0*k = 3*k - 60. Suppose 4*u + u = k. Let p = -1 + u. What are the prime factors of p?
3
Let o be 5/((-10)/(-108)) + 2. Suppose 5*s + 1 = 11, 4*n - 2*s = o. Let z = n - 10. What are the prime factors of z?
5
Let y(m) = -7*m + 1. Let q be y(1). What are the prime factors of ((-3)/q)/((-2)/(-40))?
2, 5
Suppose 4*r + i - 15 = 11, -2*r + 2*i + 8 = 0. Let y be r/(-2) + 10 + -5. Suppose y*g - 60 = -3*g. List the prime factors of g.
2, 3
Let g(i) = i**2 + i + 3. Suppose -4 + 16 = -3*w. Let t be g(w). Suppose 3*x + 0*x = t. List the prime factors of x.
5
Let y = -78 + 131. List the prime factors of y.
53
Let i = 81 + -52. Suppose -26 - i = -4*v + 5*x, -6 = 2*x. What are the prime factors of v?
2, 5
Let q(v) = v**2 - 2*v + 1. Let s be q(1). Suppose s = -u - 1 + 21. List the prime factors of u.
2, 5
Suppose -3*b = 2*b + 385. Let s be b/(-4) - 5/20. Suppose 2*r - s = -3. What are the prime factors of r?
2
Suppose 2 = 3*u + 8. List the prime factors of (-3 - (-5)/u)*-4.
2, 11
Let v = 161 - 114. List the prime factors of (-2)/(-8) + v/4.
2, 3
Suppose 3*a - 5*a = -72. What are the prime factors of a?
2, 3
Suppose 1 + 5 = 2*u. Let n = -15 - -19. Suppose 2*y - 5*y = -r - 1, 62 = u*r + n*y. What are the prime factors of r?
2, 7
Let g = 42 + -13. Suppose 4 = -2*t, -5*t = 5*q - 2*t - g. Suppose 3*s - q = 2. What are the prime factors of s?
3
Suppose 4*r + 3*t - 48 = 4*t, 4*r + 3*t = 64. List the prime factors of r.
13
Let k = -1 + 1. Suppose 31 = 3*y + 4*d, 5*y + 4*d - 49 = -k*d. Let o = y + -6. What are the prime factors of o?
3
Suppose x - 2*y = 48 - 18, 0 = -5*y - 25. Let z = x + -14. Suppose -j + 4*p + 16 = 0, j = -2*p + 4 + z. What are the prime factors of j?
2, 3
Suppose 2*q - 5*q = 3. What are the prime factors of (1 - q)*(-15)/(-3)?
2, 5
Suppose -5*n - 5*w = -155, 67 = 4*n - 2*n - 3*w. List the prime factors of n.
2
Let o = 37 - -34. What are the prime factors of o?
71
Let r(l) = -l**3 - 18*l**2 + 13. What are the prime factors of r(-18)?
13
Let g(m) be the first derivative of m**4/4 + 2*m**2 - 3*m - 2. List the prime factors of g(2).
13
Suppose -2*w + 86 - 10 = 0. List the prime factors of w.
2, 19
Let j = 105 + -48. List the prime factors of j.
3, 19
Suppose 0*a - 3*a = -15. List the prime factors of a.
5
Suppose 0 = 2*z + 4*b - 242 - 58, 3*z - 5*b - 494 = 0. List the prime factors of z.
2, 79
Suppose 0 = -5*q - 5*g + 245, 0*q + g + 147 = 3*q. What are the prime factors of q?
7
Let u(m) = -3*m + 5. What are the prime factors of u(-18)?
59
Let r(p) = -p**2 - 6*p. Let o be r(-6). Suppose -5*z = -o - 5. Suppose z = -a + 6. List the prime factors of a.
5
Let m(v) = -v + 13. Let h(q) = 3. Let o(d) = -9*h(d) + 2*m(d). Let u(j) = 3*j + 3. Let s be u(-2). What are the prime factors of o(s)?
5
Let i = 2 + -2. Suppose 4*l + i*l = 44. What are the prime factors of l?
11
Suppose 0*m = -4*m - 5*c + 10, -3*m + 17 = -c. Suppose b = -0*b + m, 0 = -5*d + 3*b + 115. Let n = -10 + d. List the prime factors of n.
2
Let n(l) = -l**2 + 9*l. Let p(m) = -m**2 + m + 1. Let q(f) = n(f) - 2*p(f). What are the prime factors of q(-9)?
2
Let d(o) = 2*o**2 - 8*o + 9. List the prime factors of d(4).
3
Suppose 14 = -0*t + 2*t. Suppose 0 = -4*b + 3*p - 39, 0 = -3*b + 4*b + 2*p + t. Let r = 20 + b. What are the prime factors of r?
11
Suppose -3*z + f + 928 = z, 5*z - f = 1160. List the prime factors of z.
2, 29
Let c = 211 - 113. What are the prime factors of c?
2, 7
Suppose 0*d - 4*d = 0. Let t(u) = u**2 + 2*u + 24. List the prime factors of t(d).
2, 3
Suppose -c - 4*g - 14 = 0, 0 = 2*c - 6*c - 4*g - 8. What are the prime factors of 2*c/(-4) - -14?
13
Let x(j) = j - 8. Let p be x(10). Suppose -p*b + 20 = 3*b. List the prime factors of b.
2
Suppose -4*b = -4*y + 104, 0*y + 4*y - 3*b - 109 = 0. What are the prime factors of y?
31
Let w = 5 + -2. Let q be 1*-6*5/w. Let u = -4 - q. List the prime factors of u.
2, 3
Suppose -19 = -5*u - 209. Let l = u - -57. What are the prime factors of l?
19
Let q = 84 - 128. Let s be q/(-10) + 9/15. Suppose s*h - 69 + 4 = 0. What are the prime factors of h?
13
Suppose -2*g = -1 - 3. Suppose 2*l + g*h = -0 + 2, -3*l + 19 = -h. List the prime factors of l.
5
Let v(m) = 11*m + 11*m - 11*m. List the prime factors of v(1).
11
Suppose 0 = 4*p + 16, 0*z - 5*p = -2*z + 74. List the prime factors of z.
3
Let d(w) = 0*w + 3 - w + 0*w + 5*w. Let i be d(5). Let p = -6 + i. What are the prime factors of p?
17
Let d(j) = j**3 - 5*j**2 + 6. What are the prime factors of d(5)?
2, 3
Suppose -4*h + 26 = d + 2*d, 4*h = -d + 22. Let w be (-2)/h*(2 + -7). Suppose 20 = w*g - 2*r, -2*g - 3*r + 54 = 2*g. What are the prime factors of g?
2, 3
Let y be (-52)/(-6) - (-4)/(-6). Let i = 2 - -1. Suppose i*p = y*p - 40. What are the prime factors of p?
2
List the prime factors of (-20)/50 - (-107)/5.
3, 7
Suppose 2*x + 2 = 10. Suppose -x*s + 23 = 3*b, -s + 3*b + 3 - 1 = 0. Let p = 7 - s. What are the prime factors of p?
2
Let k be -3*2*(-3)/(-9). Let l = 2 - k. List the prime factors of (1 - -5) + l + -5.
5
Let a = -27 - -41. What are the prime factors of a?
2, 7
Suppose f - 5*f + 40 = 0. Let i(s) = 7*s**2 - s. Let y be i(-1). Let a = f - y. List the prime factors of a.
2
Let l(c) = -c**2 - 5*c. Let x be l(-4). Suppose -1 - 3 = -x*p. What are the prime factors of (3 - -4) + 2*p?
3
Suppose -2*q = 3*y - 429 + 109, 0 = 3*q - 4*y - 463. What are the prime factors of q?
157
Let x be (3/(-2))/(6/(-8)). Let g(j) = 13 - 13 + 5*j**x. List the prime factors of g(1).
5
Let j(g) = 21*g**2 - g + 1. Let z be j(1). What are the prime factors of 299/7 - (-6)/z?
43
Let g(i) be the first derivative of i**4/4 - 5*i**3/3 + 5*i**2/2 + i - 7. List the prime factors of g(4).
5
Suppose 3*a + 3 = 45. Let o = -1 + a. List the prime factors of o.
13
Let l be (-30)/(-4)*4/3. Let a(d) = -d**3 - 6*d**2 - 6*d - 5. Let u be a(-5). Suppose u = 4*j + j - l. What are the prime factors of j?
2
Let c = 65 - -1. What are the prime factors of (-1)/(c/(-63) - -1)?
3, 7
Let n = -2 + 12. Suppose -n*c = -6*c - 136. What are the prime factors of c?
2, 17
Let l be (2 - (-2)/(-1))/2. Let i be 3 + l + 8/1. Let f = 1 + i. List the prime factors of f.
2, 3
Let d = -121 + 169. List the prime factors of d.
2, 3
Suppose -5*q + 49 = -1131. List the prime factors of q.
2, 59
Suppose 21 = -2*n + 3*n. What are the prime factors of 2/(-7) + 153/n?
7
Let r(n) = n**2 - 9*n - 3. Let o(k) = k + 1. Let m(u) = 3*o(u) + r(u). What are the prime factors of m(8)?
2
Suppose -4*j + 2 = -2. Let s(g) = g. Let t be s(j). Let n = t + 1. List the prime factors of n.
2
Suppose 1 = 2*y - 3. Suppose -8 = y*b, -32 = 2*p + p - b. What are the prime factors of 3/p + 49/4?
2, 3
Suppose 4*u + 2*n = 0, u = 5*n + 16 + 6. Suppose 0 = -5*x + 4*l + 5, 3*l = 2*x + u*l - 5. Suppose 2*p = x*m - 14 - 5, -5*p = -3*m. List the prime factors of m.
5
Suppose -6 = 3*u - 12. Suppose -4*j + u*g + 77 = -g, -j = g - 21. What are the prime factors of j?
2, 5
Let f be -2*1/3*-42. Suppose b - w - 8 = 0, b - 2*w = 3*w + f. Let x = 2 + b. List the prime factors of x.
5
Let j = -3 - -5. Let f(g) = 2*g**2 + 13*g + 2. Let v be f(-7). Let t = v + j. List the prime factors of t.
11
Let h(z) = 8*z + 1. Suppose -15 = 3*d, -3*j + 48 - 5 = d. Suppose -5*u - 9 = 3*c - 2, -4*u = 5*c + j. What are the prime factors of h(u)?
3
Let n(q) = 4*q**2 - 5*q - 6. List the prime factors of n(-4).
2, 3, 13
Suppose z - 1 - 3 = 0. Suppose 72 + 36 = z*s. List the prime factors of 6/s - (-79)/9.
3
Let u(d) = -d**3 + 3*d**2 + 3*d - 4. Let l be u(3). Suppose 10*h - 125 = l*h. List the prime factors of h.
5
Let v(d) = -2*d. Let j be v(-3). Suppose 34 = 3*m - 5*w, m + w + 0*w - j = 0. Suppose -4*r - 4*x = -4, 2*x + m = 4. What are the prime factors of r?
3
Let c(m) = -m**2 + 20*m - 